nits digit of 183526042?
2
What is the tens digit of 585151727?
2
What is the ten millions digit of 573390996?
7
What is the hundred millions digit of 667949834?
6
What is the hundreds digit of 7904231458?
4
What is the thousands digit of 195665331?
5
What is the hundreds digit of 3561862084?
0
What is the units digit of 266391025?
5
What is the tens digit of 59463743?
4
What is the hundred thousands digit of 31644027?
6
What is the hundred thousands digit of 16641864?
6
What is the thousands digit of 1208300469?
0
What is the tens digit of 119311886?
8
What is the hundreds digit of 972203247?
2
What is the ten thousands digit of 5307332118?
3
What is the hundreds digit of 738068054?
0
What is the ten thousands digit of 1096992760?
9
What is the ten millions digit of 90781115?
9
What is the hundred millions digit of 3280477154?
2
What is the hundreds digit of 163483352?
3
What is the hundreds digit of 99228907?
9
What is the ten thousands digit of 125585059?
8
What is the hundred millions digit of 1203865410?
2
What is the billions digit of 3089900587?
3
What is the millions digit of 186896287?
6
What is the ten millions digit of 5623611226?
2
What is the hundred thousands digit of 51842365?
8
What is the hundred thousands digit of 324815133?
8
What is the hundred thousands digit of 1684088784?
0
What is the millions digit of 54263145?
4
What is the ten millions digit of 1247657911?
4
What is the thousands digit of 6810926?
0
What is the thousands digit of 82465660?
5
What is the millions digit of 166410907?
6
What is the units digit of 241562185?
5
What is the millions digit of 24155156?
4
What is the tens digit of 175884960?
6
What is the thousands digit of 90720441?
0
What is the ten millions digit of 23076241?
2
What is the ten millions digit of 62912063?
6
What is the tens digit of 108115139?
3
What is the tens digit of 130849958?
5
What is the ten thousands digit of 72370906?
7
What is the tens digit of 64399480?
8
What is the tens digit of 677781759?
5
What is the ten thousands digit of 380620342?
2
What is the hundred millions digit of 490731992?
4
What is the hundred millions digit of 301353451?
3
What is the ten millions digit of 83915666?
8
What is the hundred millions digit of 1516889160?
5
What is the billions digit of 1239204160?
1
What is the millions digit of 3645503639?
5
What is the millions digit of 72752320?
2
What is the thousands digit of 474894479?
4
What is the hundreds digit of 132401241?
2
What is the thousands digit of 603952614?
2
What is the millions digit of 663496296?
3
What is the hundreds digit of 208082094?
0
What is the units digit of 57023835?
5
What is the ten thousands digit of 88739344?
3
What is the billions digit of 3550791443?
3
What is the tens digit of 66207074?
7
What is the ten thousands digit of 3034464425?
6
What is the thousands digit of 40295848?
5
What is the thousands digit of 113180455?
0
What is the units digit of 7597499600?
0
What is the millions digit of 1468167742?
8
What is the hundreds digit of 3724565427?
4
What is the millions digit of 3043159541?
3
What is the millions digit of 639396888?
9
What is the thousands digit of 937839608?
9
What is the ten millions digit of 904253884?
0
What is the thousands digit of 90520268?
0
What is the thousands digit of 680970949?
0
What is the tens digit of 152584304?
0
What is the ten thousands digit of 15317057?
1
What is the hundred thousands digit of 4988076358?
0
What is the units digit of 41185259?
9
What is the hundred millions digit of 124116245?
1
What is the hundred thousands digit of 1442391583?
3
What is the hundreds digit of 464054251?
2
What is the thousands digit of 1195708205?
8
What is the ten thousands digit of 32093516?
9
What is the hundred millions digit of 266021863?
2
What is the hundreds digit of 1943114132?
1
What is the ten thousands digit of 996315179?
1
What is the tens digit of 222973217?
1
What is the hundred thousands digit of 138780836?
7
What is the hundreds digit of 85189293?
2
What is the thousands digit of 466107027?
7
What is the millions digit of 60165034?
0
What is the millions digit of 36869290?
6
What is the hundreds digit of 345026550?
5
What is the tens digit of 2569456514?
1
What is the ten thousands digit of 418554?
1
What is the millions digit of 74375030?
4
What is the billions digit of 3934749532?
3
What is the millions digit of 3851555280?
1
What is the ten thousands digit of 3925192446?
9
What is the units digit of 1426114875?
5
What is the millions digit of 6169008?
6
What is the hundreds digit of 749289437?
4
What is the ten millions digit of 42970018?
4
What is the tens digit of 523644360?
6
What is the tens digit of 753332216?
1
What is the hundred millions digit of 1259828072?
2
What is the tens digit of 792970021?
2
What is the units digit of 789078541?
1
What is the ten millions digit of 40530659?
4
What is the hundred millions digit of 2308399855?
3
What is the ten thousands digit of 836152559?
5
What is the ten thousands digit of 429632100?
3
What is the ten millions digit of 121115587?
2
What is the tens digit of 614133161?
6
What is the tens digit of 6957837?
3
What is the ten thousands digit of 106212341?
1
What is the hundreds digit of 132424127?
1
What is the hundred thousands digit of 17532111?
5
What is the thousands digit of 16026161?
6
What is the thousands digit of 587203332?
3
What is the hundred thousands digit of 340466693?
4
What is the units digit of 351950121?
1
What is the ten thousands digit of 7332066?
3
What is the thousands digit of 6600598090?
8
What is the millions digit of 532980319?
2
What is the hundreds digit of 506477636?
6
What is the ten millions digit of 24522167?
2
What is the hundred thousands digit of 37042138?
0
What is the hundred thousands digit of 2092774?
0
What is the hundred millions digit of 172158196?
1
What is the units digit of 801004651?
1
What is the millions digit of 577716283?
7
What is the ten thousands digit of 2255342?
5
What is the ten millions digit of 25364021?
2
What is the ten thousands digit of 196118545?
1
What is the thousands digit of 50744968?
4
What is the thousands digit of 5425885342?
5
What is the millions digit of 34639912?
4
What is the tens digit of 2154955734?
3
What is the ten millions digit of 2548843008?
4
What is the ten millions digit of 1339315631?
3
What is the units digit of 3336777624?
4
What is the hundred thousands digit of 287858132?
8
What is the tens digit of 19901049?
4
What is the hundred thousands digit of 742755306?
7
What is the ten thousands digit of 678373895?
7
What is the millions digit of 182268008?
2
What is the billions digit of 3696387439?
3
What is the units digit of 3856554353?
3
What is the hundred thousands digit of 116270597?
2
What is the units digit of 106732245?
5
What is the hundred millions digit of 2303602925?
3
What is the ten millions digit of 3941350559?
4
What is the hundreds digit of 6641500?
5
What is the hundreds digit of 601071035?
0
What is the hundreds digit of 947783240?
2
What is the tens digit of 291072105?
0
What is the ten thousands digit of 445341523?
4
What is the millions digit of 23370489?
3
What is the hundreds digit of 337306922?
9
What is the tens digit of 2496074978?
7
What is the units digit of 1137170978?
8
What is the tens digit of 294242966?
6
What is the hundred thousands digit of 4665556970?
5
What is the thousands digit of 46450025?
0
What is the hundred millions digit of 565767884?
5
What is the ten millions digit of 5245369108?
4
What is the hundreds digit of 4486145384?
3
What is the units digit of 3959285419?
9
What is the ten millions digit of 493339255?
9
What is the hundred thousands digit of 185823061?
8
What is the ten millions digit of 40618294?
4
What is the ten thousands digit of 1429951731?
5
What is the units digit of 31745835?
5
What is the ten thousands digit of 225356438?
5
What is the millions digit of 132901146?
2
What is the ten thousands digit of 24153155?
5
What is the hundred thousands digit of 234420757?
4
What is the tens digit of 2442170618?
1
What is the tens digit of 401040033?
3
What is the thousands digit of 19603389?
3
What is the units digit of 1085419317?
7
What is the units digit of 168639314?
4
What is the millions 